ate the remainder when 119866 is divided by 84.
82
What is the remainder when 13870 is divided by 1018?
636
What is the remainder when 9863 is divided by 14?
7
Calculate the remainder when 2499 is divided by 66.
57
Calculate the remainder when 5135 is divided by 918.
545
What is the remainder when 7714 is divided by 2561?
31
What is the remainder when 106861 is divided by 53429?
3
Calculate the remainder when 47904 is divided by 20.
4
What is the remainder when 2530 is divided by 15?
10
Calculate the remainder when 152683 is divided by 73.
40
Calculate the remainder when 7461 is divided by 1954.
1599
What is the remainder when 10954 is divided by 219?
4
What is the remainder when 2138 is divided by 134?
128
Calculate the remainder when 5643 is divided by 1388.
91
Calculate the remainder when 36765 is divided by 31.
30
Calculate the remainder when 1415 is divided by 337.
67
Calculate the remainder when 43718 is divided by 43713.
5
Calculate the remainder when 3210 is divided by 225.
60
What is the remainder when 7148 is divided by 115?
18
What is the remainder when 28519 is divided by 100?
19
What is the remainder when 770 is divided by 15?
5
Calculate the remainder when 68452 is divided by 84.
76
Calculate the remainder when 80129 is divided by 13353.
11
What is the remainder when 33607 is divided by 3710?
217
Calculate the remainder when 1317 is divided by 77.
8
Calculate the remainder when 145914 is divided by 128.
122
Calculate the remainder when 5651 is divided by 51.
41
Calculate the remainder when 1747 is divided by 341.
42
Calculate the remainder when 8270 is divided by 2749.
23
What is the remainder when 6091 is divided by 11?
8
What is the remainder when 1076 is divided by 1063?
13
What is the remainder when 1217 is divided by 1191?
26
Calculate the remainder when 85195 is divided by 174.
109
Calculate the remainder when 8032 is divided by 29.
28
What is the remainder when 167486 is divided by 625?
611
What is the remainder when 820 is divided by 815?
5
What is the remainder when 3169 is divided by 11?
1
Calculate the remainder when 8988 is divided by 2246.
4
What is the remainder when 111151 is divided by 473?
469
Calculate the remainder when 4714 is divided by 4613.
101
What is the remainder when 73441 is divided by 36619?
203
What is the remainder when 5298 is divided by 357?
300
What is the remainder when 1379238 is divided by 90?
78
What is the remainder when 24334 is divided by 322?
184
Calculate the remainder when 534631 is divided by 8.
7
What is the remainder when 1543 is divided by 29?
6
What is the remainder when 15625 is divided by 866?
37
What is the remainder when 190259 is divided by 453?
452
What is the remainder when 1316 is divided by 456?
404
What is the remainder when 343031 is divided by 79?
13
Calculate the remainder when 33022 is divided by 56.
38
What is the remainder when 17259 is divided by 5753?
0
Calculate the remainder when 69683 is divided by 385.
383
What is the remainder when 9106 is divided by 1662?
796
What is the remainder when 1513 is divided by 90?
73
What is the remainder when 27281 is divided by 6784?
145
What is the remainder when 3171 is divided by 188?
163
Calculate the remainder when 7936 is divided by 1130.
26
What is the remainder when 10055 is divided by 837?
11
Calculate the remainder when 201593 is divided by 23.
21
What is the remainder when 40121 is divided by 3988?
241
What is the remainder when 2331 is divided by 318?
105
What is the remainder when 47334 is divided by 860?
34
What is the remainder when 4271 is divided by 4187?
84
Calculate the remainder when 1605 is divided by 161.
156
Calculate the remainder when 371090 is divided by 123.
122
Calculate the remainder when 452781 is divided by 21561.
0
What is the remainder when 13570 is divided by 401?
337
Calculate the remainder when 2006 is divided by 7.
4
Calculate the remainder when 24861 is divided by 99.
12
Calculate the remainder when 2065 is divided by 860.
345
Calculate the remainder when 145199 is divided by 400.
399
Calculate the remainder when 7736 is divided by 1928.
24
What is the remainder when 1089 is divided by 107?
19
Calculate the remainder when 21716 is divided by 7182.
170
Calculate the remainder when 1609 is divided by 201.
1
Calculate the remainder when 8004 is divided by 228.
24
What is the remainder when 32646 is divided by 16308?
30
Calculate the remainder when 20738 is divided by 41.
33
What is the remainder when 5525 is divided by 9?
8
Calculate the remainder when 498893 is divided by 2278.
11
Calculate the remainder when 45447 is divided by 536.
423
What is the remainder when 719091 is divided by 2541?
2529
What is the remainder when 4519 is divided by 547?
143
What is the remainder when 4977 is divided by 597?
201
What is the remainder when 15407 is divided by 50?
7
Calculate the remainder when 143931 is divided by 53.
36
Calculate the remainder when 32250 is divided by 29.
2
What is the remainder when 4156 is divided by 688?
28
What is the remainder when 221033 is divided by 102?
101
What is the remainder when 10722 is divided by 182?
166
Calculate the remainder when 11935 is divided by 103.
90
Calculate the remainder when 189781 is divided by 56.
53
Calculate the remainder when 3744 is divided by 932.
16
Calculate the remainder when 2832 is divided by 595.
452
Calculate the remainder when 1539753 is divided by 28.
5
Calculate the remainder when 583868 is divided by 190.
188
What is the remainder when 75425 is divided by 25129?
38
What is the remainder when 153471 is divided by 30694?
1
Calculate the remainder when 16704 is divided by 40.
24
What is the remainder when 29515 is divided by 35?
10
What is the remainder when 6590 is divided by 157?
153
What is the remainder when 14449 is divided by 1032?
1
What is the remainder when 256535 is divided by 68?
39
What is the remainder when 53720 is divided by 53607?
113
What is the remainder when 19172 is divided by 370?
302
Calculate the remainder when 207472 is divided by 114.
106
Calculate the remainder when 13184 is divided by 71.
49
Calculate the remainder when 2502 is divided by 52.
6
Calculate the remainder when 76689 is divided by 76674.
15
Calculate the remainder when 26001 is divided by 240.
81
What is the remainder when 71251 is divided by 232?
27
Calculate the remainder when 28458 is divided by 19.
15
Calculate the remainder when 144454 is divided by 481.
154
What is the remainder when 13043 is divided by 2724?
2147
What is the remainder when 28159 is divided by 532?
495
What is the remainder when 162765 is divided by 48?
45
Calculate the remainder when 35271 is divided by 88.
71
What is the remainder when 376759 is divided by 13954?
1
What is the remainder when 2843 is divided by 286?
269
Calculate the remainder when 243933 is divided by 16.
13
Calculate the remainder when 59539 is divided by 8.
3
What is the remainder when 13117 is divided by 730?
707
What is the remainder when 232 is divided by 45?
7
Calculate the remainder when 290347 is divided by 25.
22
Calculate the remainder when 142308 is divided by 47433.
9
What is the remainder when 1154 is divided by 922?
232
What is the remainder when 8516 is divided by 2836?
8
What is the remainder when 1336 is divided by 403?
127
What is the remainder when 801541 is divided by 309?
304
What is the remainder when 347 is divided by 17?
7
Calculate the remainder when 122414 is divided by 39.
32
What is the remainder when 116339 is divided by 222?
11
What is the remainder when 9171 is divided by 320?
211
Calculate the remainder when 182959 is divided by 851.
845
Calculate the remainder when 991 is divided by 159.
37
Calculate the remainder when 21017 is divided by 457.
452
What is the remainder when 15266 is divided by 568?
498
Calculate the remainder when 695 is divided by 220.
35
What is the remainder when 74383 is divided by 352?
111
What is the remainder when 16395 is divided by 289?
211
What is the remainder when 71694 is divided by 717?
711
What is the remainder when 22249 is divided by 5422?
561
Calculate the remainder when 15330 is divided by 497.
420
Calculate the remainder when 1818 is divided by 22.
14
What is the remainder when 25145 is divided by 22?
21
Calculate the remainder when 9379